0
Let i(w) be the first derivative of 16*w**3/3 + 31*w**2/2 - 11*w + 40. Let u(n) = 3*n**2 + 6*n - 2. Let l(q) = -2*i(q) + 11*u(q). Calculate l(-6).
12
Suppose -2*g - 32 = -5*h, -2*h + 0*g = 4*g - 8. Let r(f) be the second derivative of 0 - 1/2*f**2 + 1/6*f**3 - 3*f. Calculate r(h).
5
Let r(h) = -2*h**3 - 8*h**2 + 13*h - 3. Let p(j) = j**3 + 4*j**2 - 5*j + 1. Let q(b) = -5*p(b) - 2*r(b). Calculate q(-4).
5
Let z(n) = -25*n + 8 - 24*n + 50*n. What is z(-6)?
2
Let h(v) be the first derivative of 2*v**3/3 - 6*v**2 - 4*v + 204. Calculate h(6).
-4
Let q(r) be the second derivative of r**5/20 - r**4/4 - 2*r**3 + 9*r**2/2 + 13*r. Let h be q(5). Let g(c) = -5*c**3 - c**2 - c - 1. What is g(h)?
4
Suppose 0 = -5*f + 25, 59 = 3*a + 3*f + f. Suppose -82 - 18 = -5*b. Let v(u) = -8*u - 2 + b*u - a*u. Determine v(-7).
5
Suppose 0 = -j + 6. Let n be (-3)/j*24/(-2). Let o(b) be the second derivative of -b**3/3 + 7*b**2/2 + 8*b. Give o(n).
-5
Suppose 18 - 5 = -3*u + 4*a, -4*a - 36 = 4*u. Let q(r) = -4025*r + 4 + 4026*r + 1. Give q(u).
-2
Let h(g) = -2*g - 2. Let d(o) = -6*o - 6. Let a(x) = -3*d(x) + 8*h(x). Suppose l - 6*l = 25. What is a(l)?
-8
Let m(t) = -2*t - 5. Let z(l) = l**2 - l. Let p(f) = f**3 - 18*f**2 - 6*f + 7. Let i(w) = -p(w) + 6*z(w). Let o be i(24). Give m(o).
9
Let u = -1416 - -1417. Let w = -1 + 3. Let f(s) = w - 3 + 6*s - s. Give f(u).
4
Let m(g) = -16*g - 51. Let x(u) = 30*u + 99. Let t(c) = -11*m(c) - 6*x(c). Give t(-9).
3
Let c(q) = 0*q**3 + 8 + 55*q**2 - 9*q - 3 - 56*q**2 + q**3. Give c(3).
-4
Let l(x) = -x**2 + 5*x - 2. Suppose -5*i = -4*k + 23, 3*i - 8 = -k + 5*i. Suppose 12 = o - 4*w, -5*w = 4*o - 4 - k. Determine l(o).
2
Let i be 3/(-14)*8*-7. Let k = i - 11. Let x(u) = 3*u - 1. Give x(k).
2
Let w(o) be the first derivative of o**3/3 - 4*o**2 - 13*o - 466. Give w(10).
7
Let x(i) = -11*i**3 + i**2. Let g = 9 - 11. Let o be (-1 + g)*(-4)/(-12). What is x(o)?
12
Let c be (-2)/(44/12 + -4). Let b(k) = -7*k + 6. Let x(h) = -14*h - 14. Let p(m) = 5*m + 5. Let z(f) = 17*p(f) + 6*x(f). Let d(i) = -b(i) - 6*z(i). Give d(c).
-6
Let i(a) = -12*a + 16. Let b(n) = -7*n + 9. Let o(k) = 5*b(k) - 3*i(k). Calculate o(4).
1
Suppose 3*t + 8 = -x, -4*x + 4*t = 3 - 35. Let u(v) = -v**3 - 5*v**2 + v. Let m(o) = -3*o + o**3 + 4*o + 0*o**3. Let l(w) = -2*m(w) - u(w). Determine l(x).
4
Let i(h) = -3*h**3 + 25 + 2*h**3 + 3*h - 26 - 3*h**2 - 5*h. Calculate i(-4).
23
Let k(p) = -11*p**2 - 11*p - 16. Let d(x) = 13*x**2 + 12*x + 18. Let y(n) = 5*d(n) + 6*k(n). Calculate y(-4).
2
Let x(k) = 15*k**3. Let q = -157 - -160. Suppose -q*y + 9 = -0*y, 4*t - 2*y + 2 = 0. Calculate x(t).
15
Let j(n) = -5*n**3 + 7*n**2 - 7*n - 7. Let m(a) = -9*a**3 + 13*a**2 - 13*a - 13. Let s(h) = -11*j(h) + 6*m(h). Let w be 0/(-9) + -1*2. Determine s(w).
-3
Let t(s) = 4*s - 67. Let x be t(18). Suppose -6*b + x = 23. Let c(u) = u + 7. Determine c(b).
4
Let h(x) be the third derivative of x**5/60 - x**4/8 + x**3/3 + 16*x**2. Calculate h(4).
6
Let q(o) = 5*o**2 + 6*o**2 + 12*o - o**3 + 17 - 2*o. Calculate q(12).
-7
Let y(w) = 2*w**2 - 25*w**2 + 4 + 1 + 9*w + 7*w**2 + 6*w**2 + w**3. Determine y(9).
5
Let d = 54 + -50. Let x(w) = -w**3 - 4*w**2 + 4*w - 1. Let k(j) = 2*j**3 + 9*j**2 - 8*j + 3. Let c(r) = -6*k(r) - 13*x(r). Give c(d).
11
Let q(n) = 7*n + 1. Suppose -s + 11 = 4*f, 4*f - s - 1 = -4*s. Give q(f).
29
Let i(l) = -l**3 - 3*l**2 - 5*l + 1. Let n be i(-2). Let s(k) = k**3 - 7*k**2 + 4. Give s(n).
4
Let a(q) = 1. Let w(x) = -x + 2. Let t(y) = -a(y) - w(y). Let v(u) = u**3 - u**2 + 10*u + 4. Let z be v(0). What is t(z)?
1
Suppose -h + 100 = 4*g, 5*h - 33 = -13. Let n(y) = y + 9. Let j be n(8). Let l = g - j. Let p(z) = z**2 - 9*z + 6. Determine p(l).
-8
Suppose t = 16 + 57. Let w = t + -70. Let n(q) = q**2 - 2*q + 1. What is n(w)?
4
Let t = -9 + 11. Let l(n) = 0*n**2 - 2*n**3 + n**3 + 2 + 0*n**t + 4*n - 4*n**2. Give l(-5).
7
Let g(s) be the second derivative of -s**5/20 - 7*s**4/12 + s**3 + 5*s**2/2 - 199*s. Give g(-8).
21
Let d = -7 + -8. Let a = d - -25. Let o(s) = -s**3 + 9*s**2 + 11*s - 10. Determine o(a).
0
Let a(o) = 11*o**2 - 5*o - 2. Let j(f) = 4*f**2 - 2*f - 1. Let m(k) = -3*a(k) + 8*j(k). What is m(6)?
-44
Let j(p) be the first derivative of p**4/4 - p**3 + 3*p**2/2 + 4*p + 22. What is j(3)?
13
Let s(b) = b**3 - b - 1. Let g(j) = 3*j**2 + j**2 + 4*j**2 + j**3 + 2 + j**2. Let y be g(-9). What is s(y)?
5
Let q(o) = o**2 - 10*o + 12. Let i be q(9). Suppose k + 2*d - d + 1 = 0, -i*k - 4*d - 4 = 0. Let l(f) = -1 + 0*f + k*f + 5*f. Determine l(2).
9
Let f(s) = 7*s - 10. Let a be (-105)/(-25) - 4/(-5). Calculate f(a).
25
Let o(s) = -2*s**2 - 8*s + 2. Suppose 10*a = -3*a - 52. Calculate o(a).
2
Let a(m) = -5*m**3 + m**2 + 2*m + 1. Let w be 12/(-10)*25/(-10). Suppose 2*o = 4*b - 6, w = 3*b + b + o. Let s(q) = -q. Let y be s(b). Give a(y).
5
Let c(i) be the third derivative of -i**5/20 + i**4/12 - i**3/2 - 13*i**2. Let h = -12 + 14. Calculate c(h).
-11
Let y = -37 + 82. Suppose 5*g = d + 58, 4*g = g + 4*d + y. Let b(q) = -4*q - 4*q + g*q. What is b(-1)?
-3
Let p(o) = -6*o**3 - 3*o**2 + 3*o. Let i(n) = 7*n**3 + 3*n**2 - 3*n. Let y(w) = 5*i(w) + 6*p(w). Suppose 0 = 4*j - 3*j. Suppose j = -2*t - 3*t - 20. Give y(t).
4
Let h(q) = -7*q + 11. Let u(n) = -n + 9. Let w(g) = 10. Let v(s) = -4*u(s) + 3*w(s). Let t(r) = -3*h(r) - 5*v(r). Calculate t(0).
-3
Let l(o) be the second derivative of 0 - 5/3*o**3 + 3/2*o**2 + 2*o - 1/24*o**4. Let m(f) be the first derivative of l(f). What is m(-7)?
-3
Let u(l) = l**2 - l. Let b = -670 + 668. What is u(b)?
6
Let k be (6 + -3 - 4)/((-3)/(-9)). Let y(a) = -4*a + 0*a - 3 - 4*a. What is y(k)?
21
Let o(g) be the third derivative of g**6/120 - 7*g**5/60 - g**3/3 + 105*g**2 + 2. What is o(7)?
-2
Let g(j) = j**2 + 6*j + 4. Let b be g(-6). Let v(o) = 21*o**2 + 0 + 2*o - 22*o**2 + 3. Calculate v(b).
-5
Let l(a) be the third derivative of 7*a**4/24 + a**2. Let i be 40 + 1 + 6/(-2). Let p = -37 + i. What is l(p)?
7
Let y(b) = -b**2 + 8*b - 6. Let t be y(6). Let x be (-10 + 13)/(t/(-10)). Let f(o) = o**3 + 5*o**2 + 4*o + 7. Determine f(x).
-13
Suppose 0 = 3*v + 2*j + 11, -3*j + 7*j = 3*v - 13. Let i(x) be the second derivative of 12*x - 1/2*x**3 - 1/2*x**2 + 0. Give i(v).
2
Let v(w) = w**2 + w - 3. Suppose -8*y + 4*y = -68. Let m = 13 - y. What is v(m)?
9
Let a = 7 - -32. Let z(l) = 20*l - a*l + 1 + 17*l. Calculate z(2).
-3
Let c(g) = 2*g**2 - g**2 - g - 7 + 2*g. Suppose b + 4*f = -16, -303 = 5*f - 288. Give c(b).
5
Let s(h) = 2*h - 4. Let i(z) = z - 1. Let n(v) = -7*i(v) + 3*s(v). Give n(-4).
-1
Suppose -3*v - 27 = -4*m, -51 = -4*m - m - 2*v. Let x(f) be the first derivative of -f**2 + 13*f - 15. What is x(m)?
-5
Let j(h) be the first derivative of -h**2/2 - 9*h + 1. Let w = 1424 - 1433. Give j(w).
0
Let k(l) = -4 + 0 + 0 + 2 - 2*l**2. Give k(3).
-20
Let o(t) = -3*t**2 + 18*t + 2*t**2 - 22 + 0*t**2 + 4. What is o(17)?
-1
Let u be (-2)/6 - 39/(-9). Suppose -4*h = -6 - 10. Let y(o) = 4*o + 1 - o**2 - h*o**2 + 0*o**3 + 4 + o**3. What is y(u)?
5
Let n = -19 - -8. Let v = n - -13. Let d(j) = -2*j + 3. Let q(t) = -3*t + 4. Let m(a) = -7*d(a) + 5*q(a). What is m(v)?
-3
Let i(l) = l**2 + 6*l - 6. Let s be (44/(-55))/((-2)/(-305)). Let v(n) = 19*n**2 - 1. Let q be v(-1). Let y be s/q + (-12)/54. Give i(y).
1
Let i(r) = -4*r. Let z(v) = v - 3. Let m be z(5). Suppose 21 = m*d + h + 2*h, -2*d = h - 11. Suppose 0 = -3*q + 13 - 4, -a - d*q = -8. What is i(a)?
4
Let i = 97 - 90. Let g(u) = -4*u + 14. Calculate g(i).
-14
Let d(l) = 7*l**2 + 11*l - 20. Let h(k) = -19*k**2 - 29*k + 60. Let t(g) = 8*d(g) + 3*h(g). Give t(5).
0
Let k = 13 + -11. Let r be 15/k*(-10)/(-15). Suppose -3*c + 6 = r*x, -2*c - 2*c - 15 = -x. Let u(n) = -2*n**2 - 3*n + 3. What is u(c)?
-6
Let s(m) = 16*m - m**2 - 189 + 162 + 36. Calculate s(16).
9
Let b be 35/84 - 2/(-48)*-2. Let z(q) be the third derivative of 3*q**2 + 0 + b*q**3 + 1/60*q**5 - 5/24*q**4 + 0*q. Calculate z(5).
2
Let f(h) = 2*h**2 - 20*h - 4. Suppose -411 = -48*v + 69. Give f(v).
-4
Let x(h) = -2*h + 3*h + h**3 + 27*h**2 - 30*h**2 + 5. What is x(4)?
25
Let u be 6 + 5/(-10)*8. Let l(h) = -7 - h - u*h - 4*h + 5*h. Give l(-6).
5
Let v(c) = c**3 - c + 9. Suppose 0 = -0*f + 5*f - 80. Suppose u = -0*u + 5*q + 20, 4*q = 4*u - f. Let d(y) = y. Let s be 